{"id":23,"date":"2019-07-20T11:19:48","date_gmt":"2019-07-20T08:19:48","guid":{"rendered":"http:\/\/sackaynagi.co\/?page_id=23"},"modified":"2023-10-11T21:22:58","modified_gmt":"2023-10-11T18:22:58","slug":"iletisim","status":"publish","type":"page","link":"http:\/\/sackaynagi.co\/index.php\/iletisim\/","title":{"rendered":"\u0130leti\u015fim"},"content":{"rendered":"\n<h4 class=\"wp-block-heading\">Sach \u00ae Sa\u00e7 Kaynak Merkezi Sa\u00e7 Uzatma Sistemleri \u0130leti\u015fim.<\/h4>\n\n\n\n<h4 class=\"wp-block-heading\">Sach \u00ae Peruk &amp; Sa\u00e7 Kaynak Merkezi Toptan ve Perakende<\/h4>\n\n\n\n<ul class=\"wp-block-list\">\n<li>\n\u00c7\u0131t \u00c7\u0131t Sa\u00e7\n<\/li>\n\n\n\n<li>\nPosti\u015f\n<\/li>\n\n\n\n<li>\nPeruk \u0130malat At\u00f6lyesi\n<\/li>\n\n\n\n<li>\n\u00c7\u0131t \u00c7\u0131t Tamirat\n<\/li>\n\n\n\n<li>\nFason \u00c7\u0131t \u00c7\u0131t Sa\u00e7 Dikimi\n<\/li>\n<\/ul>\n\n\n\n<h1 class=\"wp-block-heading\">Sach <strong>\u00ae <\/strong>Mikro Sa\u00e7 Kaynak Merkezi Adres.<\/h1>\n\n\n<div class=\"wp-block-image\">\n<figure class=\"aligncenter\"><a href=\"http:\/\/sackaynak.com.tr\/wp-content\/uploads\/2014\/11\/sach.jpg\" rel=\"wp-prettyPhoto[23]\"><img decoding=\"async\" src=\"http:\/\/sackaynak.com.tr\/wp-content\/uploads\/2014\/11\/sach-300x200.jpg\" alt=\"sach\" class=\"wp-image-11005\"\/><\/a><\/figure><\/div>\n\n\n<figure><iframe loading=\"lazy\" src=\"https:\/\/www.google.com\/maps\/embed?pb=!1m14!1m8!1m3!1d1505.9174643436645!2d28.7957697!3d40.9850953!3m2!1i1024!2i768!4f13.1!3m3!1m2!1s0x0%3A0x3ca5197afc9a675f!2sSACH+SA%C3%87+KAYNAK+MERKEZ%C4%B0!5e0!3m2!1str!2s!4v1425428846409\" width=\"600\" height=\"450\"><\/iframe><\/figure>\n\n\n\n<p><strong>SACH &amp; VOGUE HAIR FACTORY &amp; HEAD OFFICE<\/strong><\/p>\n\n\n\n<p><strong>\u015eENL\u0130KK\u00d6Y MAH. \u00dcN\u0130VERS\u0130TE SOK.\u00a0 NO:5, FLORYA, 34153, BAKIRK\u00d6Y, \u0130STANBUL, TURK\u0130YE<\/strong><\/p>\n\n\n\n<p><strong>TELEFON &amp; WhatsApp: +90 532 592 88 42 \u00a0 \u00a0<\/strong><\/p>\n\n\n\n<p><strong>Telefon: 0212 542 45 85<\/strong><\/p>\n","protected":false},"excerpt":{"rendered":"<p>Sach \u00ae Sa\u00e7 Kaynak Merkezi Sa\u00e7 Uzatma Sistemleri \u0130leti\u015fim. Sach \u00ae Peruk &amp; Sa\u00e7 Kaynak Merkezi Toptan ve Perakende Sach \u00ae Mikro Sa\u00e7 Kaynak Merkezi Adres. SACH &amp; VOGUE HAIR FACTORY &amp; HEAD OFFICE \u015eENL\u0130KK\u00d6Y MAH. \u00dcN\u0130VERS\u0130TE SOK.\u00a0 NO:5, FLORYA, 34153, BAKIRK\u00d6Y, \u0130STANBUL, TURK\u0130YE TELEFON &amp; WhatsApp:<\/p>\n","protected":false},"author":1,"featured_media":0,"parent":0,"menu_order":0,"comment_status":"closed","ping_status":"closed","template":"page-Contact.php","meta":{"footnotes":""},"tags":[23,25,24],"class_list":["post-23","page","type-page","status-publish","hentry","tag-iletisim","tag-sac-kaynak-iletisim","tag-sac-kaynak-merkezi"],"aioseo_notices":[],"_links":{"self":[{"href":"http:\/\/sackaynagi.co\/index.php\/wp-json\/wp\/v2\/pages\/23","targetHints":{"allow":["GET"]}}],"collection":[{"href":"http:\/\/sackaynagi.co\/index.php\/wp-json\/wp\/v2\/pages"}],"about":[{"href":"http:\/\/sackaynagi.co\/index.php\/wp-json\/wp\/v2\/types\/page"}],"author":[{"embeddable":true,"href":"http:\/\/sackaynagi.co\/index.php\/wp-json\/wp\/v2\/users\/1"}],"replies":[{"embeddable":true,"href":"http:\/\/sackaynagi.co\/index.php\/wp-json\/wp\/v2\/comments?post=23"}],"version-history":[{"count":6,"href":"http:\/\/sackaynagi.co\/index.php\/wp-json\/wp\/v2\/pages\/23\/revisions"}],"predecessor-version":[{"id":108,"href":"http:\/\/sackaynagi.co\/index.php\/wp-json\/wp\/v2\/pages\/23\/revisions\/108"}],"wp:attachment":[{"href":"http:\/\/sackaynagi.co\/index.php\/wp-json\/wp\/v2\/media?parent=23"}],"wp:term":[{"taxonomy":"post_tag","embeddable":true,"href":"http:\/\/sackaynagi.co\/index.php\/wp-json\/wp\/v2\/tags?post=23"}],"curies":[{"name":"wp","href":"https:\/\/api.w.org\/{rel}","templated":true}]}}