{"id":19,"date":"2019-07-20T11:17:12","date_gmt":"2019-07-20T08:17:12","guid":{"rendered":"http:\/\/sackaynagi.co\/?page_id=19"},"modified":"2019-08-23T11:41:04","modified_gmt":"2019-08-23T08:41:04","slug":"sac-kaynak","status":"publish","type":"page","link":"http:\/\/sackaynagi.co\/index.php\/sac-kaynak\/","title":{"rendered":"Sa\u00e7 Kaynak"},"content":{"rendered":"\n<h2 class=\"wp-block-heading\">Sa\u00e7 Kaynaklar\u0131<\/h2>\n\n\n\n<p><strong>Sa\u00e7 Kaynak<\/strong> sa\u00e7 uzatma ve g\u00fcrle\u015ftirme i\u015fleminin genel ad\u0131d\u0131r. <a href=\"http:\/\/www.sackaynagi.co\/\">Sa\u00e7 Kayna\u011f\u0131<\/a>  genelde daha uzun sa\u00e7lar isteyen ki\u015filerin kendi sa\u00e7\u0131na bir ba\u015fka sa\u00e7\u0131  ilave etme y\u00f6ntemi ile uygulanan sa\u00e7 uzatma sisteminidir, Sa\u00e7 kaynak  yap\u0131lacak sa\u00e7 bir ba\u015fka ki\u015fiden al\u0131nan ile \u00e7e\u015fitli y\u00f6ntemler  kullan\u0131larak sa\u00e7a kaynak yap\u0131l\u0131r. Sa\u00e7a kaynak yapman\u0131n farkl\u0131 y\u00f6ntemleri  s\u0131ras\u0131 ile \u015f\u00f6yledir.<\/p>\n\n\n\n<h1 class=\"wp-block-heading\">Yap\u0131\u015ft\u0131rma y\u00f6ntemi ile yap\u0131lan sa\u00e7 kaynak<\/h1>\n\n\n\n<ul class=\"wp-block-list\"><li><strong>Keratin Kaynak<\/strong><\/li><li>Mikro Bant <strong>Sa\u00e7 Kayna\u011f\u0131<\/strong><\/li><li>Tube keratin <strong>sa\u00e7 kaynak<\/strong><\/li><\/ul>\n\n\n\n<h2 class=\"wp-block-heading\">Sa\u00e7a di\u011fer bir sa\u00e7\u0131 s\u0131k\u0131\u015ft\u0131rma y\u00f6ntemi ile yap\u0131lan sa\u00e7 kaynaklar.<\/h2>\n\n\n\n<ul class=\"wp-block-list\"><li><strong>Boncuk Kaynak<\/strong> (Halka sa\u00e7 kayna\u011f\u0131) Micro Ring (k\u00fc\u00e7\u00fck halkalar yard\u0131m\u0131 ile yap\u0131lan sa\u00e7 kaynak)<\/li><li><strong>Tube sa\u00e7 kaynak<\/strong> (t\u00fcp sa\u00e7 kaynak) T\u00fcp \u015feklinde metal\n halkalar ile sa\u00e7\u0131 s\u0131k\u0131\u015ft\u0131rma y\u00f6ntemi kullan\u0131larak yap\u0131lan sa\u00e7 kaynak \ny\u00f6ntemi. Bu t\u00fcr halkalar titantu, bak\u0131r ve fatkl\u0131 ala\u015f\u0131ml\u0131 di\u011fer \nmetallerden yap\u0131labiliyor.<\/li><\/ul>\n","protected":false},"excerpt":{"rendered":"<p>Sa\u00e7 Kaynaklar\u0131 Sa\u00e7 Kaynak sa\u00e7 uzatma ve g\u00fcrle\u015ftirme i\u015fleminin genel ad\u0131d\u0131r. Sa\u00e7 Kayna\u011f\u0131 genelde daha uzun sa\u00e7lar isteyen ki\u015filerin kendi sa\u00e7\u0131na bir ba\u015fka sa\u00e7\u0131 ilave etme y\u00f6ntemi ile uygulanan sa\u00e7 uzatma sisteminidir, Sa\u00e7 kaynak yap\u0131lacak sa\u00e7 bir ba\u015fka ki\u015fiden al\u0131nan ile \u00e7e\u015fitli y\u00f6ntemler kullan\u0131larak sa\u00e7a kaynak yap\u0131l\u0131r.<\/p>\n","protected":false},"author":1,"featured_media":0,"parent":0,"menu_order":0,"comment_status":"closed","ping_status":"closed","template":"","meta":{"footnotes":""},"tags":[19,20,16,18,17,21],"class_list":["post-19","page","type-page","status-publish","hentry","tag-boncuk-kaynak","tag-halka-sac-kaynagi","tag-keratin-kaynak","tag-keratin-sac-kaynak","tag-mikro-bant-sac-kaynagi","tag-mikro-ring"],"aioseo_notices":[],"_links":{"self":[{"href":"http:\/\/sackaynagi.co\/index.php\/wp-json\/wp\/v2\/pages\/19","targetHints":{"allow":["GET"]}}],"collection":[{"href":"http:\/\/sackaynagi.co\/index.php\/wp-json\/wp\/v2\/pages"}],"about":[{"href":"http:\/\/sackaynagi.co\/index.php\/wp-json\/wp\/v2\/types\/page"}],"author":[{"embeddable":true,"href":"http:\/\/sackaynagi.co\/index.php\/wp-json\/wp\/v2\/users\/1"}],"replies":[{"embeddable":true,"href":"http:\/\/sackaynagi.co\/index.php\/wp-json\/wp\/v2\/comments?post=19"}],"version-history":[{"count":1,"href":"http:\/\/sackaynagi.co\/index.php\/wp-json\/wp\/v2\/pages\/19\/revisions"}],"predecessor-version":[{"id":20,"href":"http:\/\/sackaynagi.co\/index.php\/wp-json\/wp\/v2\/pages\/19\/revisions\/20"}],"wp:attachment":[{"href":"http:\/\/sackaynagi.co\/index.php\/wp-json\/wp\/v2\/media?parent=19"}],"wp:term":[{"taxonomy":"post_tag","embeddable":true,"href":"http:\/\/sackaynagi.co\/index.php\/wp-json\/wp\/v2\/tags?post=19"}],"curies":[{"name":"wp","href":"https:\/\/api.w.org\/{rel}","templated":true}]}}