{"id":17,"date":"2019-07-20T11:16:20","date_gmt":"2019-07-20T08:16:20","guid":{"rendered":"http:\/\/sackaynagi.co\/?page_id=17"},"modified":"2019-07-20T11:16:20","modified_gmt":"2019-07-20T08:16:20","slug":"hakkimizda","status":"publish","type":"page","link":"http:\/\/sackaynagi.co\/index.php\/hakkimizda\/","title":{"rendered":"Hakk\u0131m\u0131zda"},"content":{"rendered":"\n<h1 class=\"wp-block-heading\">Sach Sa\u00e7 Kaynak Merkezi,<\/h1>\n\n\n\n<p>Sa\u00e7 Kaynak ve Sa\u00e7 Uzatma sistemleri Uzman\u0131 Murat Koluk\u0131r\u0131k taraf\u0131ndan 1990 Y\u0131l\u0131nda<\/p>\n\n\n\n<div class=\"wp-block-image\"><figure class=\"alignleft\"><a href=\"https:\/\/web.archive.org\/web\/20140104022700\/http:\/\/www.sackaynagi.co\/wp-content\/uploads\/2010\/08\/Verda-10-copy-copy.jpg\" rel=\"wp-prettyPhoto[17]\"><img decoding=\"async\" src=\"https:\/\/web.archive.org\/web\/20140104022700im_\/http:\/\/www.sackaynagi.co\/wp-content\/uploads\/2010\/08\/Verda-10-copy-copy.jpg\" alt=\"Sa\u00e7 Kaynak\" class=\"wp-image-15\"\/><\/a><figcaption> Sach Sa\u00e7 Kaynak Merkezi<\/figcaption><\/figure><\/div>\n\n\n\n<p>Sach Sa\u00e7 Kaynak<\/p>\n\n\n\n<p>Bak\u0131rk\u00f6y de kuruldu. Kuruldu\u011fu ilk g\u00fcnden bu g\u00fcne kadar sa\u00e7 kaynak \nteknolojilerini ve sa\u00e7 uzatma sistemlerindeki yenilikleri takip ederek \nen son sistem sa\u00e7 kaynak sistemlerini uygulamakta \u00f6nc\u00fc olmu\u015ftur.<\/p>\n\n\n\n<p>Sa\u00e7 Kaynak i\u015flemlerinin T\u00fcrkiye\u2019de il yap\u0131lmaya ba\u015fland\u0131\u011f\u0131 y\u0131llar1986\n y\u0131llard\u0131r. O y\u0131llarda genelde sa\u00e7 kaynak \u00e7ok yeni olmas\u0131na ra\u011fmen en \nyayg\u0131n sa\u00e7 uzatma y\u00f6ntemi genelde tepeden atkuyru\u011fu ya da yar\u0131m ay \n\u015feklinde tak\u0131lan posti\u015f t\u00fcrleri idi ve sa\u00e7 kayna\u011f\u0131 ki bu silikon kaynak \nidi. \u0130lk 1988 y\u0131l\u0131nda silikon kayna\u011f\u0131n\u0131 Atak\u00f6y de Atrium \u00e7ar\u015f\u0131s\u0131nda \na\u00e7m\u0131\u015f oldu\u011fumuz ilk salonumuzda yapmaya ba\u015flad\u0131k. Sa\u00e7 Kayna\u011f\u0131na Talep \n\u00e7ok fazla idi sa\u00e7lar\u0131 temin etti\u011fimiz yer genelde Anadolu\u2019ya sa\u00e7 \ntoplamaya giden sa\u00e7 i\u015fi yapan ki\u015filerdi. Fakat sa\u00e7 kaynak i\u00e7in gerekli \nsa\u00e7 ihtiyac\u0131n\u0131 kar\u015f\u0131lam\u0131yordu.<\/p>\n\n\n\n<p>Bunun \u00e7\u00f6z\u00fcm\u00fc olarak Avrupa ve Amerika seyahatlerimde sa\u00e7 ihtiyac\u0131na \ny\u00f6nelik yapm\u0131\u015f oldu\u011fum ara\u015ft\u0131rmalar esnas\u0131nda. Avrupa\u2019da insan sa\u011fl\u0131\u011f\u0131 \ni\u00e7in risk te\u015fkil etti\u011fi i\u00e7in, silikon kayna\u011f\u0131n\u0131n yerine <strong>Keratin Kaynak, Boncuk Kaynak <\/strong>diye halk aras\u0131nda bilinen<strong> Halka Kaynak<\/strong> orijinal ad\u0131 ise<strong> \u201cMicro Ring Hair Extensions\u201d<\/strong>,<strong> Micro Bant sa\u00e7 kayna\u011f\u0131, Brazilian Hair Extensions (Brezilya D\u00fc\u011f\u00fcm\u00fc Sa\u00e7 Kaynak) <\/strong>ve \u015fu s\u0131ralar ise<strong> Lazer Kaynak <\/strong>uygulamalar\u0131 mevcuttur.<\/p>\n\n\n\n<p>Bu Sa\u00e7 Uzatma ve sa\u00e7 kaynak sistemlerini sa\u00e7 kayna\u011f\u0131 \u00e7e\u015fitleri \nsayfas\u0131nda tek tek inceleyip ele alaca\u011f\u0131z. Bu sistemlerle ilgili merak \nettiklerinizi o konunun alt\u0131na yorum olarak yazabilir merak \nettiklerinizi sorabilirsiniz.<\/p>\n","protected":false},"excerpt":{"rendered":"<p>Sach Sa\u00e7 Kaynak Merkezi, Sa\u00e7 Kaynak ve Sa\u00e7 Uzatma sistemleri Uzman\u0131 Murat Koluk\u0131r\u0131k taraf\u0131ndan 1990 Y\u0131l\u0131nda Sach Sa\u00e7 Kaynak Bak\u0131rk\u00f6y de kuruldu. Kuruldu\u011fu ilk g\u00fcnden bu g\u00fcne kadar sa\u00e7 kaynak teknolojilerini ve sa\u00e7 uzatma sistemlerindeki yenilikleri takip ederek en son sistem sa\u00e7 kaynak sistemlerini uygulamakta \u00f6nc\u00fc olmu\u015ftur.<\/p>\n","protected":false},"author":1,"featured_media":0,"parent":0,"menu_order":0,"comment_status":"closed","ping_status":"closed","template":"","meta":{"footnotes":""},"tags":[],"class_list":["post-17","page","type-page","status-publish","hentry"],"aioseo_notices":[],"_links":{"self":[{"href":"http:\/\/sackaynagi.co\/index.php\/wp-json\/wp\/v2\/pages\/17","targetHints":{"allow":["GET"]}}],"collection":[{"href":"http:\/\/sackaynagi.co\/index.php\/wp-json\/wp\/v2\/pages"}],"about":[{"href":"http:\/\/sackaynagi.co\/index.php\/wp-json\/wp\/v2\/types\/page"}],"author":[{"embeddable":true,"href":"http:\/\/sackaynagi.co\/index.php\/wp-json\/wp\/v2\/users\/1"}],"replies":[{"embeddable":true,"href":"http:\/\/sackaynagi.co\/index.php\/wp-json\/wp\/v2\/comments?post=17"}],"version-history":[{"count":1,"href":"http:\/\/sackaynagi.co\/index.php\/wp-json\/wp\/v2\/pages\/17\/revisions"}],"predecessor-version":[{"id":18,"href":"http:\/\/sackaynagi.co\/index.php\/wp-json\/wp\/v2\/pages\/17\/revisions\/18"}],"wp:attachment":[{"href":"http:\/\/sackaynagi.co\/index.php\/wp-json\/wp\/v2\/media?parent=17"}],"wp:term":[{"taxonomy":"post_tag","embeddable":true,"href":"http:\/\/sackaynagi.co\/index.php\/wp-json\/wp\/v2\/tags?post=17"}],"curies":[{"name":"wp","href":"https:\/\/api.w.org\/{rel}","templated":true}]}}